
8
Let w(v) = v**2 - 28*v**3 + 12*v - 26*v**3 - 13*v. What is the tens digit of w(-1)?
5
Let s = -34 - -48. Let c = 40 - s. What is the units digit of c?
6
Let y = 19 - -19. Let p = -21 + y. What is the tens digit of p/34 + 25/2?
1
Let y = -463 - -657. Let b = 277 - y. What is the units digit of b?
3
What is the tens digit of (-2*3 - (-39)/6)*634?
1
Suppose 3*n - 3*i = 6, -3*n + 4*i + 4 + 1 = 0. Suppose 513 = 5*s + q + n*q, -q - 200 = -2*s. What is the hundreds digit of s?
1
Suppose -59 = 5*d - 234. Suppose 0 = -0*c - 5*c - 40. Let f = d + c. What is the tens digit of f?
2
Let n be ((-102)/(-6))/((-2)/(-32)). Let w = 184 - n. What is the tens digit of 0 + w/(-4) + 0?
2
Let q(t) = t**3 + 6*t. Let g = -28 + 31. What is the tens digit of q(g)?
4
Suppose 0 = 5*m - 1989 - 116. What is the hundreds digit of m?
4
Let d = -55 - -50. What is the hundreds digit of -964*(84/(-16) - d)?
2
Suppose 4*l + n = -0*n - 13, 4*n + 4 = 0. What is the hundreds digit of 280 - (-2 + l) - -3?
2
Suppose 0 = 5*v - 10 - 5. Suppose -2*l = -2*s + v*l + 2, l + 49 = -5*s. What is the units digit of -81*3/s*1?
7
Let r = -2846 + 7012. What is the tens digit of r?
6
Let i(r) = r**2 - 9*r - 15. Let w be i(11). Let k = w - 63. Let v = k + 103. What is the units digit of v?
7
Let v(c) = c**3 + 2*c**2 - c + 5. Let s be v(0). Suppose 0 = s*a - 273 + 53. What is the units digit of a?
4
Let t(f) = -f**2 - 40*f + 182. What is the tens digit of t(-37)?
9
Let j(q) = q**2 - 5*q - 13. Let u be j(7). Let b(r) = 2*r + 10*r**2 + u + 12*r**2 - 15*r**2. What is the units digit of b(-3)?
8
Let b(d) = -d**3 + 7*d**2 - 5*d + 3. Let f be b(6). Let u = f - 11. What is the units digit of u/(-7) + 231/49?
5
Suppose 1644 = -51*c + 54*c. What is the units digit of c?
8
Suppose -3 = 2*u - 1, 2407 = 4*z + u. Suppose -8*l = -z - 150. What is the tens digit of l?
9
Let t(j) = 39*j**2 - 2*j + 14. What is the units digit of t(-3)?
1
Let p(x) be the first derivative of -x**4/4 - 10*x**3/3 + 2*x**2 - 1. Let r be p(-10). What is the units digit of r*(39/15 + -3)?
6
Suppose -x - 3*z = -0*x + 33, -2*z = 3*x + 71. Let l = 56 + x. What is the units digit of l?
5
Suppose 0 = 4*n - 22 + 6. Suppose 3*c - 5*z - 107 = 0, -n*z = -0*c - 4*c + 156. What is the tens digit of c?
4
Suppose -3*f = 9, 5*p = -4*f + 3*f - 153. What is the units digit of p/(-34) - (-4)/34?
1
Let p = 3012 + -1896. What is the thousands digit of p?
1
Suppose 0 = 5*k - 3*k + 18. Let x(g) = -16 + 9*g**2 - g**3 + g + 27 + 2*g**3 + 0*g**2. What is the units digit of x(k)?
2
Let v(w) = -10*w - 9. Let b be v(-2). Suppose 5*c = 15, 0*x + 2*x + 3*c = b. What is the units digit of x?
1
Let c(r) = 211*r**2 + 14*r + 36. What is the units digit of c(-2)?
2
Suppose 0 = -15*a + 2171 + 6634. What is the units digit of a?
7
Suppose -1120 = r + 904. Let c be 24/156 - r/26. Suppose -5*d + j + c = 0, -j = d + j - 20. What is the units digit of d?
6
Let z = -190 + 439. What is the tens digit of z?
4
Let s = -420 + 731. What is the tens digit of s?
1
Let a(c) = -7*c**2 - c - 5. Let b(n) be the first derivative of 2*n**3 + 5*n + 3. Let r(h) = 2*a(h) + 3*b(h). What is the units digit of r(3)?
5
Suppose 3*m - 29 = -4*o, -3*o + 3*m + 48 = -0*o. What is the tens digit of o?
1
What is the units digit of (-22910)/(-116)*6/5?
7
Suppose -v = 4*t - 0*t - 271, -2*v - 5*t = -548. Let o = v - 188. What is the units digit of o?
1
Let v(u) = u**3 - 11*u**2 + 9*u + 13. Let n be v(10). Suppose -l - 26 = -4*b, 5*b = b - n*l + 18. Suppose b*k - 3*k = 33. What is the units digit of k?
1
Let b(m) be the second derivative of m**4/12 + 7*m**3/6 - m**2/2 + 8*m. What is the units digit of b(5)?
9
Let y(v) = -15*v + 1. Let a be y(-2). Let h be (7 - (-333)/(-18))/((-1)/6). Let j = h - a. What is the units digit of j?
8
Let b(f) = -109*f**3 + 4*f**2 + 5*f + 7. What is the hundreds digit of b(-2)?
8
Let o(s) = 2*s**3 - 5*s**2 + 8*s - 1. Let k be (-24)/(-9)*(9/(-6) - -3). What is the tens digit of o(k)?
7
Let x = 1321 + 980. What is the hundreds digit of x?
3
Let b(g) = -g - 6. Let c = -13 - -10. Let y be b(c). What is the units digit of (-2 - y)/(1/9)?
9
Let u be 825 - (-6)/9*18/4. Suppose 162 = 6*i - u. What is the tens digit of i?
6
Suppose 0*j = -3*o + j + 54, -j - 3 = 0. Let c(g) = -g**3 - 3*g - 3. Let z be c(-3). Let t = z - o. What is the units digit of t?
6
Let y(i) = -50*i**2 - 4*i - 3. Let x be y(-2). Let v = -138 - x. What is the units digit of v?
7
Let q = 19 - -15. Suppose -6*w + 622 = q. What is the tens digit of w?
9
Suppose 2*r = -2*r. Let t be 1/(2 + r)*-2. Let j(b) = 32*b**2 + b. What is the tens digit of j(t)?
3
Suppose 2*q + 6*a = 3*a + 767, -15 = 5*a. What is the hundreds digit of q?
3
Suppose 245 = -3*v + 1400. Suppose 5*y = 2*s + 487, 4*y + 3*s - v = -0*y. Suppose 4*w - y = r, w + 3*r - 16 = 6*r. What is the units digit of w?
5
Suppose -3*g - 23 = 4*p - 6*g, 2*p + 5*g + 31 = 0. Let a(k) = k**2 + 6*k. What is the units digit of a(p)?
6
Let h = -92 + 302. Let a = h + -39. Suppose 3*l + 159 = 5*f, -l - a = -5*f - 4*l. What is the tens digit of f?
3
Suppose 5*n + 1357 = 2*l, -18 + 3 = 5*n. What is the units digit of l?
1
Suppose v - 25 = 3. Let t = v + -10. What is the tens digit of t + (12/(-4))/(-3)?
1
Suppose 3*u - 5*i = 2, -8*i + 4*i + 20 = 0. What is the units digit of u?
9
Let d = 17 + -17. Suppose -3*m - 3*m = d. Suppose -3*j + 195 = -m*j. What is the units digit of j?
5
Let n(f) = 5*f**2 + f - 1. Let c(u) = u - 3. Let k be c(7). Let m be 2 + (-7 - -3)/k. What is the units digit of n(m)?
5
Suppose -3*q - 4 = c - 378, 2*q + 740 = 2*c. Let y = c + -195. Suppose 5*k - y = k. What is the units digit of k?
4
Let r = -5281 - -10599. What is the thousands digit of r?
5
Let y be -2 - (-1 - 0) - -5. Let a be -4*3*y/(-16). Suppose a*p = 4*i - 74, 0*p = -4*i - 2*p + 64. What is the tens digit of i?
1
Suppose 5*l - 16 = v, 3*l - 6 - 22 = -4*v. Suppose -l*d + 144 = 2*z - 8*d, -z = d - 66. What is the tens digit of z?
6
Suppose -z + 4 = -0*z, -x + 16 = 3*z. Suppose 3 = 3*j + 3*o, 3*o = -5 - x. Suppose -4*d + 41 = -5*n, -n + 3 = j*d - 2*d. What is the units digit of d?
4
Let k(r) = 7*r + 12. Let y be k(9). Suppose 0 = c - 12 - y. What is the units digit of c?
7
Suppose 2*m - 5*j + 132 = -9, 222 = -3*m - 3*j. Let k = m - -102. What is the units digit of k?
9
Let c(a) = -a**3 + 5*a**2 - 3*a + 1. Let v be c(3). Let t = 7 - 2. What is the units digit of t/v*(-14)/(-1)?
7
What is the tens digit of (-2)/(8/(-1676)) + 5?
2
Suppose 4 = -f + 3*f. Suppose -75 = -f*m + 23. What is the tens digit of m?
4
Let n(x) = -x**2 - 28*x - 2. Let c(z) = -z - 6. Let v be c(2). What is the units digit of n(v)?
8
Let q be 1*(-36)/15 - 2/(-5). What is the tens digit of 686/10 + (-36)/(-15) + q?
6
Let i(y) = -y**3 - 5*y**2 - y + 4. Let t be i(-6). Suppose t = 4*o - 286. Let f = -49 + o. What is the tens digit of f?
3
Suppose 0 = -4*z + 12 - 12. Let j be (0 + -3)/(2/(-2)). What is the tens digit of (z - j/12)*-44?
1
Let p(v) = 195*v. What is the units digit of p(3)?
5
Suppose 0 = 7*q - 458 + 38. What is the tens digit of -1*(-1928)/q + (-6)/45?
3
What is the hundreds digit of 1246 - ((-9)/(-4) + (-11)/44)?
2
Let z be ((-6)/8)/((-13)/52). Let l be 3 + (89 - (1 + 1)). Suppose l = z*k + 2*m, 2*m = -3*k - m + 87. What is the tens digit of k?
3
What is the units digit of 6 + 1732 + (-3)/(6 - 9)?
9
Let c = -573 - -819. What is the tens digit of c?
4
Let n = -57 - -62. Suppose -130 = -n*x - 5*r, -2*r + 6 + 20 = x. What is the units digit of x?
6
Let f(z) = z**3 - 8*z**2 + z - 6. Let j be f(8). Let x be 2 - (3 - (j + 2)). Suppose x*c + 4*o = 82, 2*c - 30 = -o + 18. What is the units digit of c?
2
Suppose 3*b = -0*b. Suppose b = -2*s + 3 + 1. Suppose 0 = n - 6 + s. What is the units digit of n?
4
Let w be 29 + (0 - (6 - 4)). Let g = -24 + w. What is the units digit of g?
3
Let r(x) = -2*x - 9. Let a be r(-6). Suppose a*l - 14 = -2. Let k = l - -11. What is the tens digit of k?
1
Let f = -4 + 5. Suppose -u + 2 + f = 0. Suppose -118 = -5*x + b, u*x - 11 = -5*b + 43. What is the units digit of x?
3
What is the hundreds digit of (-4319)/21*-15 - (-6 + 1)?
0
Suppose 2*f + 4 = 0, 2*p + 5*f + 63 - 321 = 0. What is the units digit of p?
4
Let j = 27 + -22. Suppose 0 = 2*g + b - 130, 51 = -4*g + j*g + 4*b. What is the tens digit 